= i + 37. Suppose b = 3*z - 298 - 59. Is z prime?
False
Let p = -32 + 34. Let x(m) = 8*m**2 + 56 + 0*m**p + 26*m - 25. Is x(13) composite?
False
Suppose 0 = 52*x + 68*x - 159*x + 16351959. Is x a composite number?
False
Let z be (60/(-40))/(1/738). Let m = z + 2978. Is m a prime number?
True
Let d = -13399 - -13558. Is d prime?
False
Let l(u) = -102*u**3 - 4*u - 5. Let z be l(-1). Let g be -5*(-6)/9*132. Suppose -j + 165 = 4*t, 2*j - g = -5*t - z. Is j composite?
True
Suppose 186*s = 191*s - 305. Suppose -31254 = s*g - 67*g. Is g prime?
True
Suppose 10*j + 5*t = 16*j - 38, 10 = -2*j - 4*t. Suppose k = -j*q + 883, -q - 3*k + 301 = -k. Is q prime?
True
Suppose -83120258 = -98*l + 20124506. Is l composite?
True
Suppose 42 = a + 6*a. Suppose -a*m = -277 - 3497. Is m a prime number?
False
Let j be (3 + -2)/(7/((-280)/(-8))). Let i be 1 - 3 - -1*33. Suppose -79 = -j*f + i. Is f prime?
False
Suppose 0 = -155*v + 40*v + 7402895. Is v a prime number?
True
Let w(g) = 16*g**2 - 16*g - 53. Let n(y) = -10*y - 36. Let b be n(-6). Is w(b) a prime number?
True
Suppose 3*b + 2*i = 514335 - 140699, 498179 = 4*b + 5*i. Is b a prime number?
False
Suppose j - 9868 = -3710. Let t = -4005 + j. Is t a prime number?
True
Let p be -1 - ((-16)/4 + 7). Let o be -2 + p + 5 + 1. Suppose 5*h + 3*n - 8561 = o, -4*h + 0*n + 6850 = 3*n. Is h prime?
False
Let z = 283084 - 168363. Is z a prime number?
False
Suppose 0 = -2*w - 3*f + 2*f - 34, w - f + 14 = 0. Let v = w + -5. Let u(i) = i**3 + 21*i**2 - 15*i + 16. Is u(v) composite?
False
Suppose 3*j = -2*l + 212983, 2*j + 148429 = 2*l - 64539. Is l a composite number?
False
Let a(q) = 45430*q + 211. Is a(3) composite?
False
Let s = -44 - -66. Suppose -71204 = -s*d + 91794. Is d a composite number?
True
Let s = 15506 + 166443. Is s prime?
False
Suppose -2*c - 2*i + 12 = 0, 5*c + 6 = 2*c + 5*i. Let p(x) = -x**2 + 21*x - 2. Let w be p(21). Is 1057/3 - w/c a prime number?
True
Let c(w) = -w**2 - 10*w - 4. Let l be c(-9). Suppose j = -5 + 4, 4*v = -l*j + 14411. Suppose 0 = 3*t - g - v, 3*g + 2*g + 5 = 0. Is t composite?
False
Let p(c) = -277*c**3 + 3*c**2 - 53*c - 235. Is p(-4) prime?
False
Let g(m) be the third derivative of 1/10*m**5 - 7/24*m**4 + 0*m + 7/6*m**3 + 0 + 1/120*m**6 - m**2. Is g(4) prime?
True
Let v = -521 - -524. Suppose 0 = -3*z - 6*s + 2*s + 645, -v*s = z - 220. Is z prime?
True
Suppose -a = -3*o - 1226, -a + o + 2432 = a. Let r = 1836 - a. Suppose -6*l - r = -5884. Is l a composite number?
False
Suppose 14*x + 64281 = 22*x - 61535. Is x composite?
False
Suppose -y - i + 503640 = 0, -4*i - 801063 = -3*y + 709850. Is y composite?
True
Is 63538706/308 + (-14)/4 prime?
True
Let t = 2 - 3. Let d(g) = -599*g - 1793. Let z be d(-3). Is (-4)/(-16) + 6175/z + t composite?
False
Let d(p) = -286707*p - 824. Is d(-3) a prime number?
True
Let n(o) = 209*o**3 - 9*o**2 + 9*o + 5. Let s(r) = 419*r**3 - 19*r**2 + 19*r + 10. Let q(i) = -13*n(i) + 6*s(i). Is q(-2) prime?
True
Let v = -19495 + 76622. Is v a prime number?
False
Let y(g) = -187*g + 71. Let f = -45 + 39. Is y(f) prime?
True
Suppose 4*k - 3*w - 31 = 0, 5*w + 16 = -k + w. Let d be k - (4350/8 + (-21)/28). Let g = 1008 + d. Is g composite?
True
Let g(c) = 2*c + 12. Let s be g(-6). Suppose s = 11*i - 85 - 3. Suppose 3631 = i*n - 11177. Is n a prime number?
False
Let w be (38 + -37)/((-2)/34). Is (-2210)/w + -3*1 a prime number?
True
Is -189248*7/(-30) - (-86)/645 composite?
True
Let m = 2062 + -1479. Is m composite?
True
Suppose -6*b - 6*b + 1307791 - 52027 = 0. Is b a prime number?
False
Let l = -7121 - -11512. Is l prime?
True
Let k(t) = 25*t**3 - 8*t**2 + 2*t - 11. Let z = 280 + -274. Is k(z) a prime number?
True
Suppose -2*c = 3*z - 18, -4*z + 5*c + 48 = 1. Let i(q) = q**2 - q + 6. Let f be i(z). Is (f/(-4) - -4)*-106 prime?
False
Let a = 5507 - 3454. Suppose -d - 2*o = -a, d - 2*d - o = -2049. Is d a prime number?
False
Let t(u) be the third derivative of 41*u**5/60 + u**4/8 + 3*u**3/2 + 3*u**2. Suppose h - 4 = -0*h. Is t(h) a prime number?
True
Let i be (4 + (-9)/6)*2. Suppose -2*s + 193 = w, 3*w - 634 = -0*w + i*s. Suppose g - 3*u - 203 = 0, 2*g - g - 4*u - w = 0. Is g a prime number?
False
Suppose 2*h - 2628778 = -5*i, -2*h + 7*i + 538370 = -2090360. Is h a prime number?
False
Suppose -192795 - 1673311 = -34*f + 1014816. Is f composite?
True
Let r be ((-2)/(50/5685))/(25/(-750)). Suppose -3*p + 9326 = -5*p. Let m = p + r. Is m prime?
False
Suppose 4*a - 91707 = -3*r, 3*r + a - 4168 = 87557. Is r a composite number?
False
Let q = 88742 + -5223. Is q composite?
True
Let v = 89542 + -52145. Is v prime?
True
Let s(n) be the second derivative of 101*n**3 + 115*n**2/2 - 32*n + 2. Is s(13) composite?
False
Let a = 216832 + 921079. Is a prime?
True
Suppose -168*l + 176818857 + 17768487 = -24*l. Is l composite?
True
Let z be (-45 - 0) + 52/(-13). Let d = 53 + z. Is (-7701)/(-119) + d/14 composite?
True
Suppose -19*o = 11*o - 32*o + 8166. Is o prime?
False
Let l = -94 - -94. Suppose 5*q - 2*u = 4 - 0, -4*q - 3*u - 6 = l. Suppose -n + 1 = q, 3*z - 1262 = -2*n - 3*n. Is z composite?
False
Let h be (-9)/(-21) - (-416)/(-7). Let u = 62 + h. Suppose -5*j + 73 = u*s - 90, 0 = -2*j + 4. Is s composite?
True
Let x(r) = r**3 - 16*r**2 + 17*r - 25. Let i be x(15). Suppose -4*n = i*d - 6157, d - 1546 = -n + 2*d. Is n composite?
False
Is (14503 + (-368)/(-23))/(1 + 0) prime?
True
Let m(j) be the third derivative of 403*j**6/120 + j**5/20 - 3*j**4/8 + 7*j**3/3 + 49*j**2. Is m(3) a composite number?
True
Suppose 0 = 362*b - 281*b - 18917469. Is b a prime number?
True
Let g(l) = 5*l**3 + 33*l**2 + 21*l - 68. Let y(z) = -14*z**3 - 99*z**2 - 63*z + 203. Let v(b) = -17*g(b) - 6*y(b). Is v(33) prime?
True
Suppose 15631615 = 127*t - 7512390 + 1777271. Is t a prime number?
False
Let a be 4/3*(-35547)/34. Let y = 3333 + a. Is y composite?
True
Suppose -3*g = -5*b + g - 129001, -128989 = 5*b - g. Is 3 - b/12 - (-3)/12 a prime number?
True
Is (-847824)/(-9) + (130/6)/(-13) a composite number?
False
Suppose 113*v - 115*v = 2*g - 745602, 1864017 = 5*v - g. Is v prime?
True
Suppose -4*m = -4*s - 470696, -18*m - 5*s + 353062 = -15*m. Is m prime?
True
Suppose -2*k + 7*g - 19 = 12*g, 2*g = k - 4. Is (172328/16)/(-13)*k composite?
False
Suppose 3*w + 2*w = -35. Let u(t) be the third derivative of -t**6/40 - 2*t**5/15 - 5*t**4/24 - 5*t**3/6 + 2578*t**2. Is u(w) a composite number?
True
Suppose -26 = 6*d - 74. Let a(s) = -2*s - 35. Let o be a(d). Is 1465*(-3 + o/(-15)) prime?
False
Suppose 10*v - 136833 - 27177 = 0. Let b = v + -9952. Is b a composite number?
False
Let y(c) be the first derivative of -29*c**2/2 - 4*c - 28. Let j be y(-1). Suppose -300 - j = -5*z. Is z a composite number?
True
Suppose 4*f - 33682 + 183364 = -2*b, 2*b - 74832 = 2*f. Is -1*(-3)/((-9)/f) a composite number?
False
Is ((-472)/48 - -10)*-2*(1 + -33082) a prime number?
True
Let b be -2*((-4)/(-8))/(-1). Let o be 1632/(-16)*(b - 0). Is o/(-4)*(210/9)/5 a composite number?
True
Suppose -2*i - 5 = -i, 0 = -o - i - 356. Let z = o + 622. Suppose 5*j = v + 1439, -j + v + z = 5*v. Is j composite?
True
Let w = -8250 + 12826. Suppose -3*v - 4*d = 0, v + 2*v = -d. Suppose -4*t + 280 + w = v. Is t a prime number?
False
Suppose -w + 639 = -3*f + 1940, -2*f = 5*w + 6454. Let k = -489 - w. Is k prime?
False
Let v = 388 + -815. Let h = v + 764. Suppose 2*z - 481 - h = 0. Is z a composite number?
False
Suppose 3*f + 39668 = 5*u - 38893, -6 = -2*f. Suppose 0 = -23*z + 37393 + u. Is z prime?
True
Suppose 37 = 9*d - 17. Suppose d*r - 69 = 21. Let n(h) = 2*h**3 - 18*h**2 - 35*h - 8. Is n(r) prime?
False
Let r be (1 - 2)*(-5 - 0/4). Suppose 0 = -4*w + 2*l + 4, -3*l = -w - r*l + 1. Is w + 1 - 10755/(-15) composite?
False
Let o = 11069 - 3303. Suppose -3*i + 2*y + 5824 = 0, 4*i = -3*y + 6*y + o. Suppose -29*l + 33*l = i. Is l prime?
False
Let a(i) be the second derivative of 13*i**4/2 - 4*i**3 + 271*i**2/2 + i - 76. Is a(10) prime?
False
Suppose -3*b + 5*m = 0, -b + 3*m = -4*b. Suppose b = -n + 4*n - 9. Suppose n*h = 2*o - 4187, 0*h + h + 2094 = o. Is o a composite number?
True
Let p = -635 - -2515. Suppose -5*z + 5*o + 6780 = 0, -3*o = -5*z + p + 4902. Is z composite?
True
Suppose -3*i + 7*o - 11*o - 48128 = 0, -4*i - 64154 = 2*o. Let l = i + 34155. Is